{"id":63,"date":"2014-05-04T21:00:59","date_gmt":"2014-05-04T19:00:59","guid":{"rendered":"http:\/\/pulzradio.ku.sk\/?page_id=63"},"modified":"2014-06-25T20:55:40","modified_gmt":"2014-06-25T18:55:40","slug":"foto-z-rr","status":"publish","type":"page","link":"https:\/\/pulzradio.ku.sk\/?page_id=63","title":{"rendered":"Foto z RR 2014"},"content":{"rendered":"<p>Od 10. do 13. apr\u00edla 2014 sa niektor\u00ed na\u0161i \u010dlenovia z\u00fa\u010dastnili celoslovenskej s\u00fa\u0165a\u017enej prehliadky tvorby intern\u00e1tnych rozhlasov\u00fdch \u0161t\u00fadi\u00ed, \u0161kolsk\u00fdch a univerzitn\u00fdch klubov a kr\u00fa\u017ekov. Ktor\u00e1 je z\u00e1rove\u0148 postupovou s\u00fa\u0165a\u017eou na medzin\u00e1rodn\u00fa prehliadku fonoamat\u00e9rov CIMES.<br \/>\nViac info na\u00a0<a href=\"http:\/\/radiorallye.sk\/\">radiorallye.sk<\/a><\/p>\n\n\t\t<style type=\"text\/css\">\n\t\t\t#gallery-1 {\n\t\t\t\tmargin: auto;\n\t\t\t}\n\t\t\t#gallery-1 .gallery-item {\n\t\t\t\tfloat: left;\n\t\t\t\tmargin-top: 10px;\n\t\t\t\ttext-align: center;\n\t\t\t\twidth: 33%;\n\t\t\t}\n\t\t\t#gallery-1 img {\n\t\t\t\tborder: 2px solid #cfcfcf;\n\t\t\t}\n\t\t\t#gallery-1 .gallery-caption {\n\t\t\t\tmargin-left: 0;\n\t\t\t}\n\t\t\t\/* see gallery_shortcode() in wp-includes\/media.php *\/\n\t\t<\/style>\n\t\t<div id='gallery-1' class='gallery galleryid-63 gallery-columns-3 gallery-size-thumbnail'><dl class='gallery-item'>\n\t\t\t<dt class='gallery-icon landscape'>\n\t\t\t\t<a href='https:\/\/pulzradio.ku.sk\/wp-content\/uploads\/2014\/05\/pulz.jpg' rel=\"lightbox[63]\"><img loading=\"lazy\" decoding=\"async\" width=\"250\" height=\"250\" src=\"https:\/\/pulzradio.ku.sk\/wp-content\/uploads\/2014\/05\/pulz-250x250.jpg\" class=\"attachment-thumbnail size-thumbnail\" alt=\"\" \/><\/a>\n\t\t\t<\/dt><\/dl><dl class='gallery-item'>\n\t\t\t<dt class='gallery-icon landscape'>\n\t\t\t\t<a href='https:\/\/pulzradio.ku.sk\/wp-content\/uploads\/2014\/05\/photo3.jpg' rel=\"lightbox[63]\"><img loading=\"lazy\" decoding=\"async\" width=\"250\" height=\"250\" src=\"https:\/\/pulzradio.ku.sk\/wp-content\/uploads\/2014\/05\/photo3-250x250.jpg\" class=\"attachment-thumbnail size-thumbnail\" alt=\"\" \/><\/a>\n\t\t\t<\/dt><\/dl><dl class='gallery-item'>\n\t\t\t<dt class='gallery-icon landscape'>\n\t\t\t\t<a href='https:\/\/pulzradio.ku.sk\/wp-content\/uploads\/2014\/05\/photo2.jpg' rel=\"lightbox[63]\"><img loading=\"lazy\" decoding=\"async\" width=\"250\" height=\"250\" src=\"https:\/\/pulzradio.ku.sk\/wp-content\/uploads\/2014\/05\/photo2-250x250.jpg\" class=\"attachment-thumbnail size-thumbnail\" alt=\"\" \/><\/a>\n\t\t\t<\/dt><\/dl><br style=\"clear: both\" \/><dl class='gallery-item'>\n\t\t\t<dt class='gallery-icon landscape'>\n\t\t\t\t<a href='https:\/\/pulzradio.ku.sk\/wp-content\/uploads\/2014\/05\/photo1.jpg' rel=\"lightbox[63]\"><img loading=\"lazy\" decoding=\"async\" width=\"250\" height=\"250\" src=\"https:\/\/pulzradio.ku.sk\/wp-content\/uploads\/2014\/05\/photo1-250x250.jpg\" class=\"attachment-thumbnail size-thumbnail\" alt=\"\" \/><\/a>\n\t\t\t<\/dt><\/dl><dl class='gallery-item'>\n\t\t\t<dt class='gallery-icon landscape'>\n\t\t\t\t<a href='https:\/\/pulzradio.ku.sk\/wp-content\/uploads\/2014\/05\/DSC_0233.jpg' rel=\"lightbox[63]\"><img loading=\"lazy\" decoding=\"async\" width=\"250\" height=\"250\" src=\"https:\/\/pulzradio.ku.sk\/wp-content\/uploads\/2014\/05\/DSC_0233-250x250.jpg\" class=\"attachment-thumbnail size-thumbnail\" alt=\"\" \/><\/a>\n\t\t\t<\/dt><\/dl><dl class='gallery-item'>\n\t\t\t<dt class='gallery-icon landscape'>\n\t\t\t\t<a href='https:\/\/pulzradio.ku.sk\/wp-content\/uploads\/2014\/05\/DSC_0231.jpg' rel=\"lightbox[63]\"><img loading=\"lazy\" decoding=\"async\" width=\"250\" height=\"250\" src=\"https:\/\/pulzradio.ku.sk\/wp-content\/uploads\/2014\/05\/DSC_0231-250x250.jpg\" class=\"attachment-thumbnail size-thumbnail\" alt=\"\" \/><\/a>\n\t\t\t<\/dt><\/dl><br style=\"clear: both\" \/><dl class='gallery-item'>\n\t\t\t<dt class='gallery-icon landscape'>\n\t\t\t\t<a href='https:\/\/pulzradio.ku.sk\/wp-content\/uploads\/2014\/05\/DSC_0230.jpg' rel=\"lightbox[63]\"><img loading=\"lazy\" decoding=\"async\" width=\"250\" height=\"250\" src=\"https:\/\/pulzradio.ku.sk\/wp-content\/uploads\/2014\/05\/DSC_0230-250x250.jpg\" class=\"attachment-thumbnail size-thumbnail\" alt=\"\" \/><\/a>\n\t\t\t<\/dt><\/dl>\n\t\t\t<br style='clear: both' \/>\n\t\t<\/div>\n\n","protected":false},"excerpt":{"rendered":"Od 10. do 13. apr\u00edla 2014 sa niektor\u00ed na\u0161i \u010dlenovia z\u00fa\u010dastnili celoslovenskej s\u00fa\u0165a\u017enej prehliadky tvorby intern\u00e1tnych rozhlasov\u00fdch \u0161t\u00fadi\u00ed, \u0161kolsk\u00fdch a univerzitn\u00fdch klubov a kr\u00fa\u017ekov. Ktor\u00e1 je z\u00e1rove\u0148 postupovou s\u00fa\u0165a\u017eou na medzin\u00e1rodn\u00fa prehliadku fonoamat\u00e9rov CIMES. Viac info na\u00a0radiorallye.sk","protected":false},"author":1,"featured_media":0,"parent":65,"menu_order":0,"comment_status":"open","ping_status":"open","template":"","meta":{"_acf_changed":false,"footnotes":""},"class_list":["post-63","page","type-page","status-publish","hentry"],"acf":[],"_links":{"self":[{"href":"https:\/\/pulzradio.ku.sk\/index.php?rest_route=\/wp\/v2\/pages\/63","targetHints":{"allow":["GET"]}}],"collection":[{"href":"https:\/\/pulzradio.ku.sk\/index.php?rest_route=\/wp\/v2\/pages"}],"about":[{"href":"https:\/\/pulzradio.ku.sk\/index.php?rest_route=\/wp\/v2\/types\/page"}],"author":[{"embeddable":true,"href":"https:\/\/pulzradio.ku.sk\/index.php?rest_route=\/wp\/v2\/users\/1"}],"replies":[{"embeddable":true,"href":"https:\/\/pulzradio.ku.sk\/index.php?rest_route=%2Fwp%2Fv2%2Fcomments&post=63"}],"version-history":[{"count":4,"href":"https:\/\/pulzradio.ku.sk\/index.php?rest_route=\/wp\/v2\/pages\/63\/revisions"}],"predecessor-version":[{"id":83,"href":"https:\/\/pulzradio.ku.sk\/index.php?rest_route=\/wp\/v2\/pages\/63\/revisions\/83"}],"up":[{"embeddable":true,"href":"https:\/\/pulzradio.ku.sk\/index.php?rest_route=\/wp\/v2\/pages\/65"}],"wp:attachment":[{"href":"https:\/\/pulzradio.ku.sk\/index.php?rest_route=%2Fwp%2Fv2%2Fmedia&parent=63"}],"curies":[{"name":"wp","href":"https:\/\/api.w.org\/{rel}","templated":true}]}}